ate l(241).
-14
Let g(a) = -a**3 + 5*a**2 + 1511*a - 13297. What is g(9)?
-22
Let j(l) = 9592*l + 86724. Give j(-9).
396
Let m(q) = q**2 + 19*q + 506. Give m(-32).
922
Let t(i) = -2873*i + 261446. Calculate t(91).
3
Let m(g) = -615*g - 33782. What is m(-58)?
1888
Let y(r) = -3*r**3 - 53*r**2 + 1989*r + 34407. Calculate y(-17).
16
Let r(d) = 2*d**2 + 4859*d + 48578. Give r(-10).
188
Let f(r) = r**3 + 32*r**2 - 88*r - 1867. Give f(8).
-11
Let b(x) = -26979*x - 188894. What is b(-7)?
-41
Let b(w) = 5*w**3 - 185*w**2 + 79*w - 2928. What is b(37)?
-5
Let q(p) = -p**3 + 73*p**2 - 679*p - 152. Calculate q(62).
34
Let k(l) = 3*l**3 - 7*l**2 + 436*l - 1282. Calculate k(3).
44
Let d(w) = -2*w**3 - 82*w**2 - 157*w - 87. What is d(-39)?
-48
Let u(o) = o**2 + 49856*o + 99720. Determine u(-2).
12
Let w(h) = 2*h**2 - 44580*h - 579873. What is w(-13)?
5
Let k(w) = w**3 - 16*w**2 + 7*w - 127. Calculate k(16).
-15
Let p(c) = -c**3 - 6*c**2 + 123*c - 67. Give p(-16).
525
Let b(h) = -66454*h - 996809. Calculate b(-15).
1
Let l(v) = -599*v - 5899. Calculate l(-11).
690
Let a(d) = -13565*d - 1058116. What is a(-78)?
-46
Let g(i) = -148*i**2 - 2588*i + 1321. What is g(-18)?
-47
Let l(r) = -111*r - 10709. Give l(-106).
1057
Let a(i) = i**3 + 222*i**2 + 2128*i + 1703. Calculate a(-212).
7
Let b(d) = 150*d - 40402. What is b(269)?
-52
Let x(o) = -12*o**2 + 189*o + 42. Calculate x(16).
-6
Let x(l) = -95*l + 12628. Determine x(114).
1798
Let j(c) = c**2 - 1127*c + 67788. Determine j(64).
-244
Let n(o) = 1464*o**2 - 13164*o - 100. Determine n(9).
8
Let q(b) = 4*b**3 + 77*b**2 - 183*b - 3965. Give q(-19).
-127
Let z(y) = 7673*y + 797732. Calculate z(-104).
-260
Let v(q) = 30*q**2 + 4227*q - 525. Give v(-141).
-102
Let z(u) = 163*u**2 + 16745*u + 12129. Calculate z(-102).
-9
Let u(j) = -j**3 + 101*j**2 - 2062*j + 1345. What is u(73)?
31
Let t(s) = 3349*s + 2963871. What is t(-885)?
6
Let z(d) = 106*d**2 + 1797*d - 159. Give z(-17).
-74
Let j(s) = -249*s + 76172. What is j(306)?
-22
Let r(w) = -1898255*w + 3796494. Determine r(2).
-16
Let w(a) = 2257*a**3 - 15804*a**2 + 24*a + 71. Calculate w(7).
-6
Let r(y) = -1459828*y - 26276908. What is r(-18)?
-4
Let r(o) = 120*o - 18870. Determine r(163).
690
Let z(f) = -f**3 - 68*f**2 - 156*f + 85. Determine z(-65).
-2450
Let f(t) = -8*t**2 + 2122*t + 4265. What is f(-2)?
-11
Let d(l) = -l**3 - 47*l**2 - 298*l + 2733. Give d(-15).
3
Let j(s) = -407*s + 16819. Determine j(41).
132
Let q(n) = n**3 - 2*n**2 - 418*n + 2673. Give q(7).
-8
Let w(k) = 2*k**3 - 5*k**2 + 153*k + 27. What is w(0)?
27
Let d(m) = -m**3 - 45*m**2 + 23671*m + 379. Give d(133).
-20
Let q(m) = 3*m**2 + 107*m + 4626. Calculate q(0).
4626
Let u(s) = -38753*s + 6278054. Give u(162).
68
Let o(w) = 8765*w - 2287676. Give o(261).
-11
Let t(v) = -11*v**3 - 19*v**2 - 2202*v + 2223. Calculate t(1).
-9
Let f(p) = -1395*p - 16707. Determine f(-12).
33
Let o(l) = l**3 + 39*l**2 + 145*l + 31. Give o(-35).
-144
Let c(w) = 187*w**2 - 1007*w + 143. Determine c(5).
-217
Let h(d) = d**2 + 3692*d + 203623. What is h(-56)?
7
Let p(c) = -5*c**3 + 25*c**2 + 217*c + 82. What is p(-6)?
760
Let u(i) = 761*i + 8376. Calculate u(-11).
5
Let c(h) = h**3 - 33*h**2 + 121*h + 232. Give c(26).
-1354
Let j(v) = -2*v**2 - 11*v + 882. What is j(-24)?
-6
Let d(j) = 3*j**3 - 93*j**2 - 229*j + 11. Give d(33).
-1012
Let f(v) = -v**3 - 22*v**2 - 464*v - 11173. Calculate f(-23).
28
Let y(a) = a**2 - 33*a - 1336. Calculate y(-21).
-202
Let x(p) = -2*p**2 - 3351*p + 258888. What is x(74)?
-38
Let p(d) = 18533*d + 277992. Give p(-15).
-3
Let v(f) = -20497*f - 122956. What is v(-6)?
26
Let k(d) = -28*d**3 - 3*d**2 - 17*d + 41. Give k(2).
-229
Let i(x) = -61*x**2 + 14461*x - 379. Give i(237).
569
Let a(q) = -55015*q - 7206963. Calculate a(-131).
2
Let h(n) = -2*n**2 - 457*n - 24820. Determine h(-89).
11
Let m(s) = -151*s**2 - 1814*s - 49. Determine m(-12).
-25
Let w(b) = -b**3 - 245*b**2 + 500*b + 1445. What is w(-247)?
-37
Let l(f) = -f**2 + 247560*f - 7425901. Calculate l(30).
-1
Let r(d) = 10851*d**2 - 889792*d + 823. Give r(82).
3
Let v(j) = -6*j**2 - 338*j + 8773. Calculate v(20).
-387
Let b(s) = s**3 - 1262*s**2 + 2789*s - 338999. Give b(1260).
-59
Let q(a) = 1458*a + 30329. Give q(-21).
-289
Let k(w) = -22039*w + 1322374. Give k(60).
34
Let a(x) = -x**3 - 15*x**2 + 220*x + 84. Calculate a(-24).
-12
Let u(a) = -a**3 - 9*a**2 - 2225*a - 13258. Calculate u(-6).
-16
Let j(f) = 1269*f - 194153. Determine j(153).
4
Let d(r) = -426*r + 6855. Determine d(16).
39
Let v(z) = -302818*z + 2422554. Determine v(8).
10
Let u(a) = -79*a**2 - 773*a + 194. Calculate u(-10).
24
Let j(s) = -66*s**3 - 820*s**2 + 2549*s - 20. Determine j(-15).
-5
Let k(p) = -140*p + 35285. Determine k(252).
5
Let b(w) = 7*w**2 - 110*w - 617. Give b(19).
-180
Let p(h) = 58*h**2 - 2661*h - 353. Calculate p(46).
-31
Let s(w) = 219765*w - 8. What is s(0)?
-8
Let h(i) = -31*i**2 + 7872*i + 526. Give h(254).
18
Let d(u) = 528*u + 222767. Calculate d(-421).
479
Let c(p) = -2*p**3 + 104*p**2 + 185*p + 2630. Calculate c(54).
956
Let d(b) = -37928*b + 1668836. Calculate d(44).
4
Let o(y) = -y**2 + 2078*y - 315609. Calculate o(165).
36
Let h(q) = 704*q + 14313. What is h(-20)?
233
Let m(j) = -1345*j - 73925. Calculate m(-55).
50
Let q(f) = -19273*f + 154191. What is q(8)?
7
Let s(w) = 2*w**3 + 12*w**2 + 61*w + 603. Calculate s(-9).
-432
Let t(s) = 328*s**2 + 788*s + 5. What is t(-2)?
-259
Let h(s) = -s**3 + 8*s**2 + 2577*s - 361. Calculate h(-47).
15
Let k(x) = 172*x + 1133. What is k(-16)?
-1619
Let d(h) = 12*h**2 + 110*h - 76. What is d(-7)?
-258
Let p(t) = -2065*t**3 - 71*t**2 + 73*t - 2. Calculate p(1).
-2065
Let b(a) = -73*a + 1536. Calculate b(28).
-508
Let i(d) = d**3 - d**2 - 219*d - 1380. Determine i(-9).
-219
Let k(g) = -882*g**2 + 10*g - 7. Give k(1).
-879
Let c(a) = -512465*a + 10761758. Determine c(21).
-7
Let z(v) = -368*v**2 - 370971*v - 27212. What is z(-1008)?
4
Let v(z) = z**2 - 2740*z + 900773. Calculate v(382).
17
Let z(n) = -n**3 + 295*n**2 - 2418*n + 34824. Calculate z(287).
-190
Let k(s) = -2*s**3 + 50339*s - 100668. What is k(2)?
-6
Let h(v) = -34*v**2 + 912*v - 4455. What is h(5)?
-745
Let p(c) = -5*c**2 - 726*c - 244. Calculate p(-144).
620
Let i(t) = -t**2 + 16738*t + 33476. Determine i(-2).
-4
Let l(j) = -78*j**3 + 2733*j**2 - 127*j - 55. What is l(35)?
-825
Let m(q) = 4383*q + 8943. Determine m(-2).
177
Let t(g) = 528*g + 730. Calculate t(-1).
202
Let i(n) = -13*n**2 - 355*n - 351. Calculate i(-1).
-9
Let r(h) = h**2 - 8847*h - 355475. Determine r(-40).
5
Let t(j) = 523*j + 1379. Determine t(-3).
-190
Let t(n) = 83*n**2 - 1078*n - 19094. Calculate t(23).
19
Let v(f) = -148*f + 48120. Determine v(305).
2980
Let i(l) = l**3 + 566*l**2 + 28101*l - 212. Calculate i(-55).
8
Let i(l) = -4430*l - 34206. What is i(-8)?
1234
Let u(w) = -3*w**2 + 573*w + 12635. Calculate u(-20).
-25
Let c(q) = 4*q**3 + 72*q**2 + 13213*q + 237826. Calculate c(-18).
-8
Let u(h) = -107*h**2 - 1244*h + 465. Determine u(-12).
-15
Let a(l) = 403*l**2 - 1488*l - 4. Give a(3).
-841
Let s(z) = -14*z**3 - 5896*z**2 - 804*z + 16017. Give s(-421).
19
Let o(h) = 80*h**2 - 1950*h + 582. Determine o(24).
-138
Let l(s) = -1590*s**3 + 10*s**2 + 11*s - 15. Determine l(1).
-1584
Let p(v) = -1647*v**2 - 7946*v + 1442. Give p(-5).
-3
Let o(g) = 14958*g - 119603. What is o(8)?
61
Let c(v) = -v**3 + 2561*v**2 + 133216*v + 225. What is c(-51)?
21
Let l(c) = -c**3 + 170*c**2 + 153*c - 26010. What is l(170)?
0
Let j(b) = -190148*b + 3422663. Calculate j(18).
-1
Let q(x) = -4*x**3 + 22*x**2 + 1676*x - 11434. Calculate q(7).
4
Let h(s) = -s**2 + 73364*s - 23155910. Give h(317).
-11
Let t(l) = -l**3 + 27*l**2 - 156*l + 2995. What is t(25)?
345
Let n(q) = -q**2 - 809*q - 143305. Calculate n(-262).
9
Let s(x) = -338601*x + 1354406. Calculate s(4).
2
Let x(m) = -7*m**2 - 16*m - 89. What is x(-4)?
-137
Let m(w) = 4626*w + 97147. Determine m(-21).
1
Let g(l) = -l**3 + 140*l**2 + 4574*l - 10968. Calculate g(167).
-113
Let r(k) = 2*k**3 - 904*k**2 + 1156*k - 114549. Calculate r(451).
5
Let x(k) = -k**2 - 155*k + 855. Give x(-162).
-279
Let o(w) = -110*w**2 - 2193*w - 4393. Determine o(-2).
-447
Let n(b) = -101*b**2 - 4782*b - 28677. What is n(-6)?
-3621
Let i(w) = w**3 + 840*w**2 - 